{"id":15,"date":"2009-11-24T16:22:07","date_gmt":"2009-11-24T15:22:07","guid":{"rendered":"http:\/\/www.wtkg.it\/?page_id=15"},"modified":"2010-10-12T16:22:58","modified_gmt":"2010-10-12T15:22:58","slug":"willy-the-king","status":"publish","type":"page","link":"https:\/\/www.wtkg.it\/?page_id=15","title":{"rendered":"WILLY e C."},"content":{"rendered":"<p><!--StartFragment--><span style=\"font-size: medium;\"><span style=\"font-family: Lucida Grande,Verdana,Helvetica,Arial;\"><span style=\"font-size: 14px;\">Ci siamo riuniti in associazione perch\u00e9 l&#8217;affetto e la nostra attenzione seguono la stessa linea di luce: l&#8217;amicizia di William Boselli. E&#8217; un valore che noi amici vogliamo divulgare e condividere con una schiera sempre pi\u00f9 grande di persone, perch\u00e9 Willy testimonia a noi tutti, quotidianamente, cosa significhi vivere la vita con gioia e serenit\u00e0. La vita pu\u00f2 essere un&#8217;avventura bellissima anche vista da un letto ortopedico, o da una sedia a rotelle. Da tanti anni Willy vive in queste condizioni a causa di un angioma, una patologia degenerativa abbastanza rara, che non \u00e8 riuscita per\u00f2 a scalfirne il carattere, la mente, la brillantezza, il grande cuore e la vocazione a riunire tante persone solo apparentemente estranee fra loro, ma legate in realt\u00e0 in maniera indissolubile dal filo dell&#8217;amicizia. E&#8217; il nostro re, Willy the King, lo spot naturale del sorriso di cui andiamo fieri e orgogliosi.<br \/>\nWilly vive a Bologna ma ha amici in tutto il mondo come testimoniano i messaggi &#8220;postati&#8221; nella sua cassetta per lettere virtuale. <\/span><\/span><\/span><span style=\"font-family: Lucida Grande,Verdana,Helvetica,Arial;\"><span style=\"font-size: large;\"><span style=\"font-size: 18px;\"><br \/>\nL&#8217;idea di riunirci anche formalmente nell&#8217;associazione <em>WTKG Willy The King Group<\/em>, di creare un sito internet e di impegnarci nella sensibilizzazione oltre la cerchia delle conoscenze dirette, \u00e8 un&#8217;esigenza che abbiamo sentito in primo luogo per sostenere con qualsiasi mezzo il nostro amico comune, per dare spessore e consistenza al filo che ci lega, ma anche per diffondere il pi\u00f9 possibile la ricchezza di un patrimonio che non ha eguali: l&#8217;amicizia.<br \/>\n<\/span><\/span><span style=\"font-size: 12px;\"> <\/span><\/span> <!--EndFragment--><\/p>\n","protected":false},"excerpt":{"rendered":"<p>Ci siamo riuniti in associazione perch\u00e9 l&#8217;affetto e la nostra attenzione seguono la stessa linea di luce: l&#8217;amicizia di William Boselli. E&#8217; un valore che noi amici vogliamo divulgare e condividere con una schiera sempre pi\u00f9 grande di persone, perch\u00e9 Willy testimonia a noi tutti, quotidianamente, cosa significhi vivere la vita con gioia e serenit\u00e0. [&hellip;]<\/p>\n","protected":false},"author":25,"featured_media":0,"parent":0,"menu_order":0,"comment_status":"open","ping_status":"closed","template":"","meta":{"footnotes":""},"class_list":["post-15","page","type-page","status-publish","hentry"],"_links":{"self":[{"href":"https:\/\/www.wtkg.it\/index.php?rest_route=\/wp\/v2\/pages\/15","targetHints":{"allow":["GET"]}}],"collection":[{"href":"https:\/\/www.wtkg.it\/index.php?rest_route=\/wp\/v2\/pages"}],"about":[{"href":"https:\/\/www.wtkg.it\/index.php?rest_route=\/wp\/v2\/types\/page"}],"author":[{"embeddable":true,"href":"https:\/\/www.wtkg.it\/index.php?rest_route=\/wp\/v2\/users\/25"}],"replies":[{"embeddable":true,"href":"https:\/\/www.wtkg.it\/index.php?rest_route=%2Fwp%2Fv2%2Fcomments&post=15"}],"version-history":[{"count":6,"href":"https:\/\/www.wtkg.it\/index.php?rest_route=\/wp\/v2\/pages\/15\/revisions"}],"predecessor-version":[{"id":1384,"href":"https:\/\/www.wtkg.it\/index.php?rest_route=\/wp\/v2\/pages\/15\/revisions\/1384"}],"wp:attachment":[{"href":"https:\/\/www.wtkg.it\/index.php?rest_route=%2Fwp%2Fv2%2Fmedia&parent=15"}],"curies":[{"name":"wp","href":"https:\/\/api.w.org\/{rel}","templated":true}]}}